mber?
False
Is 2634823 a composite number?
False
Is 2819 a prime number?
True
Is 487 composite?
False
Is 733069 a prime number?
False
Is 110521 a prime number?
False
Is 3691 a prime number?
True
Is 497093 composite?
False
Is 220553 a prime number?
True
Is 50459 prime?
True
Is 12571 composite?
True
Is 22207 composite?
True
Is 503583 a prime number?
False
Is 76393 a prime number?
False
Is 28333 composite?
True
Is 194569 composite?
False
Is 98885 a composite number?
True
Is 89479 a prime number?
False
Is 40253 a prime number?
True
Is 3148673 a prime number?
False
Is 23249 a composite number?
True
Is 193162 composite?
True
Is 4327 prime?
True
Is 104623 prime?
True
Is 472414 a prime number?
False
Is 2257 composite?
True
Is 1087 a prime number?
True
Is 10297 a composite number?
True
Is 120193 a composite number?
False
Is 159389 composite?
False
Is 26601 composite?
True
Is 1203 a prime number?
False
Is 34363 a prime number?
False
Is 3358651 a prime number?
True
Is 815798 prime?
False
Is 9901 composite?
False
Is 156859 a prime number?
False
Is 3937 a prime number?
False
Is 49001 prime?
False
Is 115823 a composite number?
False
Is 20279 a composite number?
True
Is 131891 prime?
True
Is 1839589 a prime number?
True
Is 2263 a composite number?
True
Is 48683 prime?
False
Is 39391 prime?
False
Is 487733 a prime number?
True
Is 39857 a composite number?
False
Is 253947 a prime number?
False
Is 226283 prime?
True
Is 621823 prime?
False
Is 1039 composite?
False
Is 15259 a composite number?
False
Is 443867 a prime number?
True
Is 6653 prime?
True
Is 88735 prime?
False
Is 28429 a prime number?
True
Is 29477 a prime number?
False
Is 568601 a prime number?
False
Is 6017 prime?
False
Is 647783 composite?
False
Is 887 a prime number?
True
Is 3143 a prime number?
False
Is 428573 a prime number?
False
Is 5809187 a composite number?
True
Is 913 composite?
True
Is 332147 prime?
True
Is 55967 composite?
False
Is 5349 a composite number?
True
Is 3943 prime?
True
Is 109313 a prime number?
True
Is 111721 prime?
True
Is 250583 composite?
False
Is 238723 composite?
False
Is 76559 prime?
False
Is 263919 prime?
False
Is 205 a composite number?
True
Is 31007 composite?
True
Is 17617 a prime number?
False
Is 322814 a composite number?
True
Is 99149 a prime number?
True
Is 126679 composite?
True
Is 119359 a composite number?
False
Is 18622 prime?
False
Is 12739 a composite number?
False
Is 410183 prime?
False
Is 6973 a composite number?
True
Is 17323 prime?
False
Is 4981 prime?
False
Is 52637 prime?
False
Is 6683 a composite number?
True
Is 1031969 composite?
True
Is 690089 a prime number?
True
Is 313661 a prime number?
True
Is 181061 a composite number?
False
Is 8057 a prime number?
False
Is 109993 a composite number?
True
Is 263819 a composite number?
False
Is 38069 a prime number?
True
Is 9127 a prime number?
True
Is 3057661 composite?
False
Is 3085421 composite?
False
Is 110117 composite?
True
Is 29917 composite?
False
Is 1555 a prime number?
False
Is 57571 a composite number?
False
Is 7331 prime?
True
Is 887 composite?
False
Is 3299 prime?
True
Is 2292243 a composite number?
True
Is 1663 a composite number?
False
Is 24253 a composite number?
True
Is 654491 a prime number?
True
Is 94407 prime?
False
Is 91673 prime?
True
Is 3554 prime?
False
Is 355193 prime?
True
Is 52366 prime?
False
Is 233663 composite?
False
Is 19478 prime?
False
Is 20047 prime?
True
Is 33563 a prime number?
True
Is 8131 composite?
True
Is 7669 a prime number?
True
Is 129905 a composite number?
True
Is 233589 a composite number?
True
Is 3633083 prime?
True
Is 19105 a composite number?
True
Is 304421 prime?
False
Is 14789 a composite number?
True
Is 5981 a composite number?
False
Is 12469 prime?
False
Is 373 a composite number?
False
Is 1657 a prime number?
True
Is 3472253 prime?
False
Is 17623 composite?
False
Is 1834553 a composite number?
True
Is 53 prime?
True
Is 11027 a prime number?
True
Is 555443 a composite number?
True
Is 877 composite?
False
Is 2264155 composite?
True
Is 611683 prime?
False
Is 4373 a composite number?
False
Is 6547 composite?
False
Is 3232283 composite?
True
Is 11197 composite?
False
Is 387839 prime?
True
Is 2921 a prime number?
False
Is 9871 composite?
False
Is 18137 composite?
True
Is 332873 prime?
True
Is 5039 composite?
False
Is 34123 a composite number?
False
Is 1474519 a composite number?
False
Is 32919 prime?
False
Is 11185 composite?
True
Is 16859 prime?
False
Is 1477 prime?
False
Is 26479 a prime number?
True
Is 21695 a composite number?
True
Is 3659 composite?
False
Is 62383 a composite number?
False
Is 92551 a composite number?
False
Is 130877 prime?
False
Is 14143 prime?
True
Is 1851869 prime?
True
Is 10961 a composite number?
True
Is 4395253 composite?
True
Is 1685 composite?
True
Is 699211 prime?
True
Is 1193381 prime?
False
Is 2749 a composite number?
False
Is 9409 a composite number?
True
Is 2573 composite?
True
Is 48803 composite?
True
Is 59771 a prime number?
True
Is 131465 prime?
False
Is 522919 composite?
False
Is 21077 composite?
True
Is 68473 prime?
True
Is 3037 a composite number?
False
Is 160481 composite?
False
Is 557891 composite?
False
Is 781733 composite?
False
Is 31957 composite?
False
Is 11369 prime?
True
Is 55509 composite?
True
Is 35029 a prime number?
False
Is 218683 a composite number?
True
Is 245429 composite?
True
Is 10453 composite?
False
Is 691 a composite number?
False
Is 30881 composite?
False
Is 7331 prime?
True
Is 47921 prime?
False
Is 825515 a composite number?
True
Is 814457 a prime number?
False
Is 493555 a prime number?
False
Is 161717 prime?
True
Is 141055 prime?
False
Is 362077 composite?
True
Is 2579 prime?
True
Is 41039 prime?
True
Is 26747 a prime number?
False
Is 42841 a composite number?
False
Is 20537 composite?
True
Is 38113 composite?
False
Is 13751 composite?
False
Is 24917 composite?
False
Is 260773 composite?
False
Is 76807 prime?
False
Is 1086269 a prime number?
False
Is 8587 a composite number?
True
Is 429749 a composite number?
True
Is 1182607 a composite number?
True
Is 17455 a prime number?
False
Is 37319 composite?
True
Is 426905 a prime number?
False
Is 258397 a composite number?
True
Is 254447 prime?
True
Is 23113 prime?
False
Is 102477 composite?
True
Is 194 a prime number?
False
Is 13403 composite?
True
Is 16943 a prime number?
True
Is 83647 prime?
False
Is 30531 composite?
True
Is 1275011 a composite number?
False
Is 9301 prime?
False
Is 17863 a composite number?
False
Is 397427 a composite number?
False
Is 247391 composite?
False
Is 133181 a composite number?
True
Is 3183619 prime?
False
Is 233069 prime?
True
Is 56777 prime?
False
Is 167861 a composite number?
False
Is 92821 a composite number?
False
Is 697043 prime?
False
Is 296239 a composite number?
True
Is 107411 composite?
True
Is 15037 prime?
False
Is 31013 prime?
True
Is 12569 prime?
True
Is 3715 a composite number?
True
Is 13385 composite?
True
Is 22189 a composite number?
False
Is 260849 a prime number?
True
Is 5507 a prime number?
True
Is 101801 a prime number?
False
Is 199919 a composite number?
True
Is 3206189 prime?
False
Is 516047 composite?
True
Is 89857 composite?
True
Is 2246789 a prime number?
True
Is 100211 prime?
False
Is 2633 prime?
True
Is 149 prime?
True
Is 3129501 prime?
False
Is 77191 a prime number?
True
Is 1579 prime?
True
Is 521 a prime number?
True
Is 799891 a prime number?
True
Is 2124443 prime?
True
Is 38401 composite?
True
Is 143951 a composite number?
True
Is 28267 prime?
False
Is 41315 a prime number?
False
Is 606521 composite?
False
Is 23423 prime?
False
Is 8203 a prime number?
False
Is 132163 composite?
True
Is 8263 prime?
True
Is 126677 composite?
True
Is 7841 prime?
True
Is 103 composite?
False
Is 26081 a composite number?
True
Is 153619 a composite number?
True
Is 217979 composite?
False
Is 49277 composite?
False
Is 155501 a composite number?
False
Is 189199 prime?
True
Is 55439 a prime number?
True
Is 40967 a prime number?
False
Is 985367 composite?
True
Is 4109 composite?
True
Is 9091 composite?
False
Is 11179 composite?
True
Is 593573 composite?
False
Is 129571 a composite number?
True
Is 16319 composite?
False
Is 3274 composite?
True
Is 40813 composite?
False
Is 14263 prime?
False
Is 83 prime?
True
Is 9049 a compos